s of 10/i - 10/(-5).
2, 3
Let a = 17 - 3. Suppose -a = -3*p + 31. What are the prime factors of p?
3, 5
Let j be (-3 - (-8)/6)*12. Let v = j - -58. Suppose -2*m - z + v = 4, -5*m - 3*z = -83. List the prime factors of m.
19
Suppose 2*h + 3 - 9 = 2*y, -2*y = 5*h - 50. Let x(v) = 3*v - 1. Let c be x(h). Let o = c - 9. List the prime factors of o.
2, 7
Suppose 0 = 3*k - 6, -w = 2*w - 3*k - 18. What are the prime factors of w?
2
Suppose 2*u - 10 - 11 = -t, 0 = 3*t - 4*u - 73. What are the prime factors of t?
23
Suppose 0*v - 270 = -6*v. List the prime factors of v.
3, 5
Suppose 96 = 3*x + x. Let p = x + -16. What are the prime factors of p?
2
Suppose -4*z - 45 = -j - 6*z, 4*j = -3*z + 200. List the prime factors of j.
53
Let k be ((164/4)/1)/1. Suppose 4*j + 2*n - 38 = 0, -4*j + k = -0*j - n. What are the prime factors of j?
2, 5
Let n(y) = y. Let c be n(-2). Let l(q) = -2*q**3 - q**2 - 3*q - 3. What are the prime factors of l(c)?
3, 5
Let c = -8 - -10. Let a(r) = 2*r**2 + 2 - 3 - 6*r**2 + c*r + 5*r**2. List the prime factors of a(-3).
2
Let p(k) be the third derivative of k**2 - 1/12*k**4 - 1/3*k**3 + 0 + 0*k. List the prime factors of p(-3).
2
Let s(l) = 6*l**2 + 13 - 5*l**2 + 1. What are the prime factors of s(0)?
2, 7
Let t(y) = 2*y**2 - 2*y - 4. Let a be (-8)/8*-1*3. List the prime factors of t(a).
2
Let x = 318 - -18. List the prime factors of x.
2, 3, 7
Let z(j) = j**3 + 7*j**2 + 4*j + 3. Let w be z(-6). Let f = w + 10. What are the prime factors of f?
5
Suppose 2*h - 75 = 3*t, -2*h + 5*h + 4*t - 138 = 0. Suppose 7*r + 2*l = 2*r + 84, h = 2*r + 5*l. List the prime factors of r.
2
Let z(r) = r**2 + 3*r - 6. Let x be z(-5). Suppose -x + 1 = -f. Suppose -f*m + 14 = -w, m - 4*w - 8 = 5*m. What are the prime factors of m?
3
Suppose -7*h + 2*h - c = 39, 3*c + 13 = -2*h. Let l = h - -13. Suppose 4*p - l*s + 5 = 0, 2*p - 22 = -2*s - 2. List the prime factors of p.
5
Suppose -2*k - 4 = -k. List the prime factors of (-6)/(-8) - 81/k.
3, 7
Suppose -1 = s - 3. Suppose m = s*m - 51. Suppose m - 19 = 4*h. List the prime factors of h.
2
Let p(a) = a**3 + 6*a**2 - 20*a - 11. List the prime factors of p(-8).
3, 7
Let t(d) = 19*d**2 + 1. What are the prime factors of t(-1)?
2, 5
Let d be (6/10)/((-3)/(-15)). List the prime factors of 27 - (21/d - 3).
23
Suppose -j + 3 = -14. Let m = j - 11. What are the prime factors of m?
2, 3
Let m(d) = -2*d - 3. Let o(g) = g**3 - 5*g**2 + 4*g - 4. Let q be o(3). List the prime factors of m(q).
17
Let t = -24 - -34. Let z = 3 - t. Let l(f) = f**2 + 5*f - 3. What are the prime factors of l(z)?
11
Let v(j) = j + 10. Let b be v(-6). What are the prime factors of 145/45 + b/(-18)?
3
What are the prime factors of 2 - ((1 - 3) + -10)?
2, 7
Let t(c) = c**2 + 3*c + 5. List the prime factors of t(-3).
5
Suppose 0 = -v + 5 - 4. Let s be (1 - 0) + v + 2. Suppose w + 2*y = 2*w - 14, 4 = -s*w - 4*y. List the prime factors of w.
2
Suppose -4*z + 4*m - 64 = 0, 5*z + 62 = 3*m - 18. Let c be z/(-3) + 5/(-15). Suppose -8 = -4*f, 5*r - 4*r + c*f = 14. What are the prime factors of r?
2
Let m be ((-2)/4)/((-6)/24). Suppose 9 = m*i - 13. What are the prime factors of i?
11
Suppose -3*v + 3*c + 15 = 0, -4*v + 0*v = -3*c - 19. Let o be -1*1/(v - 3). List the prime factors of o/4 + 34/8.
2
Suppose -q + 0*q = 3*s - 14, -18 = -2*s - 5*q. List the prime factors of s/(-16)*-2*46.
23
Suppose -g - 3*d = -0*g + 2, -g + 5*d - 18 = 0. Let f = -58 + 37. Let u = g - f. List the prime factors of u.
13
Let m(s) = -s**3 - 6*s**2 - 7*s - 7. Let f be m(-5). Suppose 2*t - 4*g - 91 = -g, -5*t + 214 = -f*g. Suppose 9 - t = -4*d. List the prime factors of d.
2
Suppose 0 = -5*q + 19 + 6. Let r = 39 - q. Suppose 4*y - 2*y = r. List the prime factors of y.
17
Suppose 19*g - 14*g - 730 = 0. List the prime factors of g.
2, 73
Let b(x) be the second derivative of 1/6*x**4 + 0 - 2*x**2 - 1/6*x**3 - x. List the prime factors of b(3).
11
What are the prime factors of (1*(-4 - 2))/((-1)/9)?
2, 3
Let g(k) be the first derivative of k**2 + 1/3*k**3 + 3 + 0*k. List the prime factors of g(3).
3, 5
Let l = 392 + -677. What are the prime factors of 6/4 - l/10?
2, 3, 5
Suppose -3*h = -0*h. Let f = h + 14. What are the prime factors of f?
2, 7
Suppose 5*v = -34 - 11. Let z = v + 4. What are the prime factors of (-5)/(-2)*(-14)/z?
7
What are the prime factors of (-160)/(-14) - (-36)/(-84)?
11
Let n = 18 + -16. Suppose 21 = 3*z + 4*l, -5*l + 18 = n*z - z. List the prime factors of z.
3
Suppose 3*v - n + 4*n = -9, v = -4*n - 18. Suppose -a + 6 - v = 0. Suppose a = 4*q - 2*o - 2, -2*o + 26 = 4*q. What are the prime factors of q?
2
Suppose -2*n = 2*n + 32. Let j = -1 + n. Let c = 2 - j. What are the prime factors of c?
11
Let w(x) = -x**3 + 3*x**2 - x + 1. Let q be 1/(-1*2/(-6)). Let v be w(q). Let u = v - -11. List the prime factors of u.
3
Suppose 5 = -2*i - 3, -2*s = 5*i + 32. Let p = s + 9. Suppose -1 = r + p*z - 8*z, -3*z = -5*r + 39. What are the prime factors of r?
3
Let n be -5*16*2/(-2). Let s = n + -31. Suppose w + 4*j = 7, -w = 3*w - 5*j - s. List the prime factors of w.
11
Suppose -4*s = 4*q - 20, 0 = 4*q - 5*s + 1 - 12. List the prime factors of q.
2
Suppose 3*k + 4*u - 272 = 0, 2*u - 13 = -3. List the prime factors of k.
2, 3, 7
Suppose d - 71 = -22. List the prime factors of d.
7
Suppose 4*p = 19 + 33. Let f = p + -9. What are the prime factors of f?
2
Suppose 4*c = 20, -2*l - l + c = 2. Let d(y) = 9*y. What are the prime factors of d(l)?
3
Let r be 10/(-15) + 74/3. Suppose 0 = -5*w + r + 46. What are the prime factors of w?
2, 7
Suppose -r = -9 + 4. List the prime factors of r.
5
Let l be 9/6*(-22)/(-3). Suppose -l*c + 50 = -9*c. What are the prime factors of c?
5
Let p be (24/(-20))/(1/10). Let c = -6 - p. Suppose -5*u = -3*u - c. What are the prime factors of u?
3
Suppose -3*d + 76 = z - 49, -4*z = -5*d - 432. What are the prime factors of z?
113
List the prime factors of (-183)/(-4) - (-13)/52.
2, 23
Let s be 10/(-35) + 163/7. Let p = -7 + s. List the prime factors of p.
2
Let n be (-8)/((24/(-9))/(-4)). Let c = 26 + n. What are the prime factors of c?
2, 7
List the prime factors of (16/(-10))/(4/(-60)).
2, 3
Let k(h) = h**2 - 9*h - 6. Suppose 4*t + 6*x - 32 = 2*x, 2*x = -5*t + 46. What are the prime factors of k(t)?
2
Let y = -218 - -521. List the prime factors of y.
3, 101
Let u = -17 + 92. List the prime factors of u.
3, 5
Let p(x) be the second derivative of x**5/20 - x**4/2 + x**3/6 + 7*x**2/2 - 3*x. List the prime factors of p(6).
13
What are the prime factors of ((-1)/(-3))/((-4)/(-327))*16?
2, 109
Suppose -4*v - 2*i + i = 64, -5*v - i = 79. Let x be 5 + 5/(v/6). Suppose -y - x*q + 0 = 3, 2*q = -y + 1. List the prime factors of y.
3
Suppose k = 2*k - 5. What are the prime factors of 10/1 + 15/k?
13
Let r(b) = b**3 + 6*b**2 - 7*b - 2. List the prime factors of r(-5).
2, 29
Let l(g) be the second derivative of -2*g**2 + 0 + 1/3*g**3 + g. What are the prime factors of l(7)?
2, 5
Let s = 41 - -19. Let a = -43 + s. What are the prime factors of a?
17
Let f(n) = 4*n**2 + 3*n + 6. Let t be f(-4). Let u = t - 34. Suppose 0 = -r + 5*r - u. List the prime factors of r.
2, 3
List the prime factors of (2 - 0)*171/18.
19
Let i = 8 - 3. Suppose -n - 3 = -i. List the prime factors of n.
2
Let b be (-1)/(-4) - 156/(-16). Let z = 6 + b. What are the prime factors of z?
2
Let i(s) = 4*s**2 - 6*s + 1. List the prime factors of i(-5).
131
List the prime factors of (4/6)/((-8)/(-372)).
31
Let r = -157 + 315. What are the prime factors of r?
2, 79
Let l(f) = -f + 2 + 2*f - 2*f - 3. What are the prime factors of l(-3)?
2
Let s(h) = -h**2 + 6*h - 5. Let a be 1/((3/(-3))/(-4)). What are the prime factors of s(a)?
3
Let c = -3 + 5. Let l = 1 + c. Suppose 0 = -5*r + 3*r - 3*t + 21, -l*r + 3 = -5*t. What are the prime factors of r?
2, 3
Suppose -2*g + 34 = -0*g. What are the prime factors of g?
17
Let o = -251 + 390. List the prime factors of o.
139
Suppose r - 5*n = -23 - 30, 0 = -5*r - 4*n - 149. What are the prime factors of (10/(-15))/(2/r)?
11
Let y = 10 - -9. List the prime factors of y.
19
Suppose -2*u = -u + 5*j - 315, -2*u + 620 = 5*j. What are the prime factors of u?
5, 61
Suppose 2*h = 4*a - 98, -69 = -3*a + 3*h + 3. What are the prime factors of a?
5
Suppose z = -5*g + 36, 